+ 55. Let d(o) = -o - 11. What is d(u)?
-1
Let i(y) = 19*y**2 - 6*y + 3. Let o(x) = 2*x - 1. Let z(c) = i(c) + 3*o(c). Give z(-1).
19
Suppose 0*d = 8*d + 48. Let v(t) = -t**3 - 7*t**2 - 9*t - 4. Give v(d).
14
Let w(r) = -r**2 - 2*r - 3. Let k = 4 + -6. Calculate w(k).
-3
Let c(q) be the second derivative of 2*q**3/3 - q**2/2 + 2*q. Let v(p) = p**3 - 5*p**2 + 5*p - 2. Let z be v(4). What is c(z)?
7
Let y(v) = -v**3 - v**2 + 2*v + 1. Let u be (-3 + 4)*-1 - -3. Give y(u).
-7
Suppose 2*t = 3*j - 4, -7*j + 2*j = 0. Let l(b) = -4*b. Calculate l(t).
8
Let w(h) = -4*h - 1. Suppose 0 = -2*p + d - 4, -4*p - 5*d + 8 = -2*p. What is w(p)?
3
Let a(q) be the second derivative of q**3/2 + 4*q**2 + 32*q. Give a(-6).
-10
Let i(m) be the first derivative of -2*m**2 - 2*m - 27. Give i(-4).
14
Let b(y) be the first derivative of 1 + 5/2*y**2 - 1/4*y**4 + 3*y + 4/3*y**3. Calculate b(5).
3
Let u(k) = -k**2 - 7*k - 8. Suppose 11*h + 19 + 47 = 0. Give u(h).
-2
Let l(j) = -9*j**2 - j + 4. Let g(n) = 5*n**2 - 2. Let h(p) = 7*g(p) + 4*l(p). What is h(-6)?
-10
Let x = -9 - -11. Let q(w) = -4 - w**x - 3*w**2 - 2*w**2 + 6*w - 3*w**3 + 4*w**3. Calculate q(5).
1
Let z(r) = -4 - 1 + 13 - 2 + r. Give z(-11).
-5
Let r(i) be the first derivative of -8*i - 4 - 1/2*i**2. Determine r(-4).
-4
Let g = 0 - -3. Suppose 0 = z - g. Let o(i) = 2*i - 6. Let k(t) = -2*t + 5. Let d(c) = -4*k(c) - 3*o(c). Determine d(z).
4
Let y(m) = -m**2 + 8*m - 1. Let s(b) = -4*b**2 + 33*b - 4. Suppose i = 4 - 2. Suppose -i = -3*w + 25. Let g(c) = w*y(c) - 2*s(c). Give g(4).
7
Let t(p) = p**2 - 8*p + 6. Let v be t(5). Let b(s) = -s**3 - 8*s**2 + 7*s - 12. Calculate b(v).
6
Let o(i) = -i**3 + 5*i**2 - 2. Let s(z) = -z - 2. Let j be s(-7). Determine o(j).
-2
Let z(p) = -8*p - 3. Let r(h) = h**2 + 3*h - 6. Let c be r(-4). Calculate z(c).
13
Let f(g) = g - 5. Let r be (3 + -8)*3/(-3). Give f(r).
0
Let f be 6/8 - 33/(-4). Suppose 2*l - f = -l. Let i(g) = -1 + g + 1. Calculate i(l).
3
Suppose -24 = 4*k + 12. Let a(g) = -g**2 - 10*g - 3. Let j be a(k). Let m(q) = q - 3. Give m(j).
3
Let u(z) = 7*z**3 + 14*z**2 + 9*z + 2. Let x(r) = -3*r**3 - 6*r**2 - 4*r - 1. Let i(d) = 2*u(d) + 5*x(d). Give i(-2).
3
Let h(y) = 9*y - 1. Let q = -37 - -36. What is h(q)?
-10
Suppose -4*v = v. Let l(s) be the third derivative of 0*s - 1/60*s**5 + 0 - 1/24*s**4 + 2/3*s**3 + s**2. What is l(v)?
4
Let o be (64/20)/4 - (-26)/5. Let h(k) = 8*k**3 - 14*k**2 + 11*k + 7. Let c(v) = 7*v**3 - 13*v**2 + 10*v + 7. Let b(l) = -7*c(l) + 6*h(l). Determine b(o).
5
Let h(o) = -2*o + 3 + 0 + 0 + o. Let k be h(2). Let x(z) = 2 + 3*z - z + 0 - k. Determine x(-5).
-9
Let z(j) be the third derivative of j**5/60 - j**4/8 - j**3/2 + j**2. Determine z(4).
1
Let b(p) = -3*p**2 + 6*p - 5. Suppose 3*z + 5*k - 4 = 7*z, -3*z + 4 = -2*k. Let t(m) = 4*m**2 - 5*m + 4. Let r(g) = z*t(g) + 3*b(g). Give r(1).
6
Let y(p) = p + 9. Let o(d) = d**3 + 2. Let r be o(-2). Determine y(r).
3
Let a(t) = t**2 + 2*t. Suppose -7 = h - 2*h - 5*s, -4 = -2*h - 5*s. Give a(h).
3
Let v(n) = 2*n**2 - 3*n + 3. Let w be v(2). Let d = -3 + w. Let b(p) = 3*p - 1 + 3*p + p**2 + 2*p - 6*p. Give b(d).
7
Let i(p) = p. Let o(g) = g. Let y(q) = 4*i(q) - 3*o(q). Let b be ((-20)/(-50))/((-1)/(-35)). Let m(w) = -w**3 + 14*w**2 + w - 12. Let u be m(b). Calculate y(u).
2
Let a be (-4)/(-14) + 26/7. Suppose -2*s - 2*s + a = 0. Let d(k) = -2 + 0 - s - k - 4*k**2 + k**3. Calculate d(4).
-7
Let x(w) = -w**2 + 5*w - 5. Let t(h) = -h**2 - 8*h - 2. Let o be t(-7). Let c be x(o). Let r(g) = 2*g + 4. Give r(c).
-6
Let l(d) be the first derivative of d + 0 - 2 + d**2 - 1 + 1. Suppose -2*g + 3 = -1. Give l(g).
5
Let u(n) = -n**3 + 9*n**2 - 11*n + 9. Let s be u(7). Let r be s/(-6) - (1 + -1). Let v(j) be the third derivative of j**4/12 + j**3/6 - j**2. Calculate v(r).
-9
Let s(f) be the first derivative of -f**3/3 - 5*f - 6. Calculate s(0).
-5
Let c(w) = w**2 + w + 1. Let f(g) = 4*g**2 + 0*g - 5 + 3 + 3*g + 1. Let m(n) = -3*c(n) + f(n). Give m(0).
-4
Let z(r) = r. Let h(j) = 6*j. Let v(t) = 2*h(t) - 11*z(t). Suppose -s + 3 = 2. Let w(l) = 4*l. Let x(o) = s*w(o) - 5*v(o). What is x(0)?
0
Let f(k) be the second derivative of -k**5/20 + 5*k**4/12 + 7*k**3/6 - 9*k**2/2 + 4*k + 1. Give f(6).
-3
Suppose 3*i - 11 - 4 = 0. Let k(n) = -3*n**2 - 10*n - 19. Let q(x) = -2*x - 3*x - 2*x**2 + 3 - 13. Let r(a) = -3*k(a) + 5*q(a). Calculate r(i).
7
Let l(t) = 1 + 14 + t - 5. Suppose -7 = -9*x - 52. What is l(x)?
5
Let g(n) = -19*n**2 + 2*n - 1. Let t = 26 + -25. What is g(t)?
-18
Let g(o) = -o**2 - 4*o. Suppose 5*p + 3*j = 7*j - 6, -2*p + 5*j = -1. What is g(p)?
4
Let y = 197 - 194. Let c(w) = -2*w**2 + 4*w. Give c(y).
-6
Let p(s) be the second derivative of -5*s**4/24 - s**3/3 + s**2/2 - s. Let d(w) be the first derivative of p(w). Determine d(-2).
8
Suppose -5*m + 2*m = 3. Let g(o) be the first derivative of 5*o**2/2 - o + 2. Calculate g(m).
-6
Let l(q) = q**2 - 8*q + 1. Let y(w) = w**2 + 3*w + 6. Let n be y(0). Calculate l(n).
-11
Let o be -4 - (2 - (-2)/(-1)). Let u(g) be the first derivative of -g**2 + 2*g - 1. Determine u(o).
10
Let q = -1 - -1. Let t(j) = j - 8. Determine t(q).
-8
Suppose 2*t = -q + 6*q - 55, 2*q = -2*t + 36. Suppose 2*h - 2 = -2*r, 5*r = -3*h + 4*h - q. Let z(v) = v**3 + 2*v**2 + v + 2. Calculate z(r).
0
Let a(m) = -8*m**2 + 5*m**2 + 9*m - m**3 - 2*m**2 + 4. Calculate a(-6).
-14
Let b(n) = n**2 + 3*n. Let k(p) = -8*p - 2. Let v be k(-3). Suppose 2*m + 4*z + v = 0, -3*m - z = -m + 10. Determine b(m).
0
Suppose 6*s - 70 = -8*s. Let j(o) = o**3 - 5*o**2 + 2*o - 1. What is j(s)?
9
Let w(a) = -a - 1. Let c = 3 - 0. Let x be ((-6)/(-3))/((-2)/c). Calculate w(x).
2
Let u(s) = s**3 + 3*s**2 - 6*s - 3. Suppose 0 = 2*r - 4*k - k - 2, -4*r + 4 = 4*k. Let o = r + -4. Let x be 14/o + 2/3. Calculate u(x).
5
Let z = 3 + -1. Let q(y) be the third derivative of -y**5/60 + y**4/12 - y**3/6 - 88*y**2. Determine q(z).
-1
Let p(d) = d**2 - 3*d - 7. Let v be p(5). Suppose 3*t - 3*u - 27 = 0, -4*t + 6 = -u + 3*u. Let q = v - t. Let b(n) = -4*n. Calculate b(q).
4
Let z(v) = v + 2. Let h = -5 - -3. Calculate z(h).
0
Let p(g) = -g**3 - 7*g**2 - g - 3. Let m be p(-7). Let h be (-1)/4 - 15/m. Let q(t) = -t**2 - 5*t - 3. Give q(h).
1
Let r(o) = 7*o + 1. Let s(l) = l. Let m(f) = r(f) - 4*s(f). Determine m(5).
16
Let k(u) = 5 + 60*u - 2*u**2 - 119*u + u**3 + 55*u. Calculate k(4).
21
Let x(o) be the third derivative of -o**7/1680 + o**6/180 + o**5/10 - 5*o**2. Let k(i) be the third derivative of x(i). Calculate k(3).
-5
Let t(u) be the second derivative of -7*u**5/60 + u**4/12 - u**3/6 + 3*u**2 - 2*u. Let z(f) be the first derivative of t(f). Give z(1).
-6
Let x(m) = -2*m**3 - m**3 + 2*m + 3*m**2 + 4*m**3 + 2. Let r = 12 + -9. Let g be 4/(-8)*2*r. Give x(g).
-4
Let k(b) = b**3 - 2*b + 10 - 8*b**2 - 22 - 2*b**3. Determine k(-8).
4
Let c(o) = o**2 + 6*o - 2. Let s be 6/(-33) - (-106)/(-22). Determine c(s).
-7
Suppose -4*x = -3*v - 29, -5*v - 16 = -1. Let k(i) = i - 3. Let j(r) = -2*r + 5. Let c(p) = 2*j(p) + 5*k(p). What is c(x)?
0
Let o(t) = t**3 - t**2 + 1. Suppose 0 = -5*z + 3*z + 2. Let h(k) = -2*k**3 + 3*k**2 - 4. Let r(g) = z*h(g) + 5*o(g). Let x = -4 + 5. What is r(x)?
2
Let d(w) = -2*w**2 + 4*w + 1. Let t(z) = -z**3 - z**2 + z + 6. Let k be t(0). Suppose -i + k = i. Let p be d(i). Let n(c) = -c**3 - 4*c**2 + 3*c - 5. Give n(p).
5
Let f(u) = u**2 + 4*u - 1. Let s(m) = 1. Let p(o) = -f(o) + 2*s(o). Let v(r) be the first derivative of p(r). Give v(-5).
6
Let r be (2 - 1) + -3 + 2. Let x(b) = r*b + 2*b + 0*b + 4. What is x(-5)?
-6
Let j(b) = -3*b**2 + 6*b - 3. Let f(q) = -2*q**2 + 4*q - 2. Let z(a) = 8*f(a) - 5*j(a). Suppose 5*c - 6*c + 3 = 0. Calculate z(c).
-4
Let p(c) = c**2 - c + 10. Let f be (-123)/(-5) - 16/(-40). Suppose 2*r + f = -3*t, 5*t + 0*r = 5*r - 25. Let m = -7 - t. Give p(m).
10
Suppose -5*j - t + 30 = 0, 35 + 0 = 3*j + 4*t. Let m = j - 2. Let o(x) = -x. Calculate o(m).
-3
Let g(l) = -l. Let m(c) = 3*c**2 + 5*c + 4. Let j(b) = 4*g(b) - m(b). Let q(o) = 7*o**2 + 19*o + 9. Let s(x) = 5*j(x) + 2*q(x). What is s(-6)?
4
Let j = 6 - 16. Let i = 15 + j. Let y(w) = 7*w**2 + 0*w**2 + 6*w - 3 - 8*w**2 - w. Determine y(i).
-3
Let z be 3*(35/30 - 1/(-6)). Let l(b) = -b**3 + 4*b**2 + 2*b - 5. Give l(z).
3
Let h(w) = -3*w - 6.